-1
Let q(z) = -30*z**2 - z - 1. What is q(-1)?
-30
Let d(m) = -3*m**2 - 3*m - 2. Give d(-5).
-62
Let a(b) = b**2 + 12*b - 17. Calculate a(-14).
11
Let p(x) = 6*x**3 - x**2 + 6*x - 6. Give p(1).
5
Let d(v) = -v**3 + 5*v**2 + v + 5. Give d(6).
-25
Let y(p) = -p**2 - 2*p + 50. Determine y(6).
2
Let f(d) = d**3 - d**2 - 4*d. Determine f(3).
6
Let v(l) = -4*l + 39. What is v(9)?
3
Let l(t) = t**2 - 12*t - 50. Determine l(14).
-22
Let o(r) = -r**2 - 4*r - 9. Give o(-7).
-30
Let g(d) = -d**2 - 40*d - 170. Calculate g(-5).
5
Let a(r) = -r**3 + 18*r**2 - 19*r + 20. What is a(17)?
-14
Let k(a) = a + 26. Calculate k(-12).
14
Let y(d) = 10*d**2 + 3*d + 2. Give y(-2).
36
Let q(b) = -2*b**3 - 2*b + 1. What is q(2)?
-19
Let b(m) = -m**3 + 14*m**2 - 2*m + 23. Determine b(13).
166
Let g(d) = d**2 - 6*d - 2. Calculate g(6).
-2
Let n(d) = -18*d + 5. Give n(3).
-49
Let z(l) = -2*l - 22. What is z(-14)?
6
Let i(g) = 13*g + 8. Determine i(-2).
-18
Let g(f) = f**3 + 16*f**2 - 15*f + 24. Determine g(-17).
-10
Let i(x) = -3*x - 22. Give i(-18).
32
Let b(n) = 7*n**2 - 3*n - 5. Determine b(-1).
5
Let l(y) = y + 4. Determine l(9).
13
Let i(l) = -l - 4. What is i(-3)?
-1
Let i(p) = -6*p + 13. Calculate i(7).
-29
Let v(l) = -l**2 + l + 11. Give v(-6).
-31
Let c(l) = -l**2 + 19*l + 36. Determine c(21).
-6
Let o(a) = -a**2 + 9*a + 105. Calculate o(17).
-31
Let m(x) = -16*x**3 - x**2 + 3*x - 2. Determine m(1).
-16
Let w(f) = f**3 + 2*f**2 - 8*f - 5. Determine w(-5).
-40
Let m(z) = -2*z**2 + 15*z + 18. Give m(9).
-9
Let n(u) = -4*u + 12. Calculate n(5).
-8
Let x(s) = -s - 9. Give x(4).
-13
Let h(r) = r**3 + 8*r**2 - 3*r - 4. Calculate h(-8).
20
Let z(o) = 7*o - 142. Give z(19).
-9
Let t(n) = n**3 + 8*n**2 - 8*n - 5. What is t(-9)?
-14
Let i(z) = 5*z**2 + 9*z + 4. Give i(-2).
6
Let s(i) = 2*i**3 + 3*i**2 - 5*i - 2. What is s(-3)?
-14
Let g(u) = u**3 + 4*u**2 - 5*u - 1. Calculate g(-5).
-1
Let j(t) = t**2 - 2*t - 8. Determine j(-4).
16
Let h(y) = y**3 + 10*y**2 + 11*y - 26. Calculate h(-8).
14
Let j(p) = -6*p + 4. What is j(-7)?
46
Let w(g) = -g**2 + 19*g + 22. Determine w(12).
106
Let p(v) = -v + 14. Determine p(0).
14
Let i(j) = -4*j + 10. Give i(5).
-10
Let q(m) = m**2 + 144*m - 747. What is q(5)?
-2
Let j(b) = 2*b**3 - 9*b**2 - 9*b + 25. Determine j(4).
-27
Let v(a) = a**3 + 5*a**2 - 5*a + 20. Determine v(-7).
-43
Let s(h) = 7*h - 87. What is s(13)?
4
Let b(u) = -76*u**2 - 2*u - 1. Give b(-1).
-75
Let d(z) = z**2 - 17*z + 42. Calculate d(13).
-10
Let h(a) = -2*a - 23. Calculate h(-7).
-9
Let r(v) = -v**2 + v + 113. Calculate r(11).
3
Let v(r) = -r**2 - 10*r - 13. What is v(-7)?
8
Let c(h) = -4*h + 5. What is c(-5)?
25
Let x(t) = -t - 6. Determine x(14).
-20
Let z(o) = -2*o**3 + o**2 + 2*o + 1. Calculate z(-1).
2
Let u(s) = 2*s - 34. Give u(-11).
-56
Let m(v) = -2*v**3 + 2*v**2 + v - 2. Give m(2).
-8
Let s(k) = 3*k**3 + 3*k**2 + k - 3. Give s(-2).
-17
Let k(y) = 5*y + 8. Give k(-4).
-12
Let m(i) = -3*i**2 + 60*i - 7. Calculate m(20).
-7
Let o(g) = -g**2 + 8. Determine o(4).
-8
Let s(k) = -k**2 + k + 4. Give s(-2).
-2
Let w(h) = -h**2 - 5*h + 2. Calculate w(3).
-22
Let z(g) = -9*g**3 - g**2 - g + 1. What is z(1)?
-10
Let o(p) = -p**3 - 15*p**2 - p - 8. Calculate o(-15).
7
Let i(o) = -7*o - 1. Calculate i(4).
-29
Let a(l) = -l**3 + 6*l**2 + l + 7. Calculate a(6).
13
Let j(c) = -c**2 - 8*c - 8. Give j(-2).
4
Let z(b) = -5*b**2 + b - 11. Determine z(3).
-53
Let m(p) = -6*p**2 - 30*p - 4. What is m(-5)?
-4
Let u(q) = -6*q**2 - 6*q - 6. What is u(-1)?
-6
Let v(q) = -q**2 + 23*q + 41. Determine v(23).
41
Let a(y) = -y**2 + 8*y + 82. Calculate a(14).
-2
Let s(m) = -m**3 + 5*m**2 - 4. What is s(4)?
12
Let i(w) = 3*w - 15. Give i(0).
-15
Let k(f) = f**2 + 9*f + 11. Give k(-5).
-9
Let u(a) = a + 6. Determine u(-3).
3
Let z(c) = -7*c**3 - 2*c**2 + 2*c - 2. Determine z(2).
-62
Let l(f) = 7*f**2 + 22*f + 38. Give l(-2).
22
Let n(b) = 3*b**2 - 4*b + 2. Calculate n(2).
6
Let x(u) = u + 18. Calculate x(-18).
0
Let p(o) = -o**2 + 8*o - 18. What is p(3)?
-3
Let a(o) = -o**2 + 75*o - 1378. Determine a(43).
-2
Let a(r) = r**3 + 5*r**2 - 17*r - 16. Determine a(-7).
5
Let o(r) = -2*r + 11. Calculate o(5).
1
Let k(h) = -h**2 + 5*h + 1. Calculate k(7).
-13
Let i(u) = 5*u**2 - u + 2. What is i(1)?
6
Let v(o) = 6*o + 30. What is v(-8)?
-18
Let d(c) = c**3 - 8*c**2 + 9*c + 14. What is d(6)?
-4
Let u(o) = -o**2 + 4*o + 223. What is u(-13)?
2
Let b(o) = o**3 + 13*o**2 + 30*o + 16. Give b(-10).
16
Let a(r) = -2*r**2 + 25*r + 20. Determine a(13).
7
Let w(r) = -r**3 - 20*r**2 + 47*r + 26. Give w(-22).
-40
Let g(l) = -l**3 + 21*l**2 - l + 6. Determine g(21).
-15
Let j(r) = r**3 + 34*r**2 + 2*r + 69. Determine j(-34).
1
Let j(t) = 2*t + 10. Give j(-11).
-12
Let y(m) = m**2 - 3*m - 59. Give y(9).
-5
Let q(s) = s**3 + 24*s**2 - 53*s - 21. Calculate q(-26).
5
Let k(h) = -h**3 - 9*h**2 - 11*h - 15. Determine k(-8).
9
Let y(x) = x**3 + 3*x**2 - 3*x + 1. Calculate y(1).
2
Let u(n) = 2*n**2 - 4*n. What is u(5)?
30
Let c(q) = -q**3 - 12*q**2 + 3*q + 30. Calculate c(-12).
-6
Let o(l) = -12*l - 8. Give o(-6).
64
Let g(a) = -a**3 - 4*a**2 - 2*a + 5. What is g(-3)?
2
Let y(p) = -p**3 - 7*p**2 - p - 22. Determine y(-7).
-15
Let n(u) = -u**2 + 4*u - 49. Calculate n(0).
-49
Let p(f) = 4*f**2 + 4*f - 1. What is p(-2)?
7
Let g(f) = f**2 + 8*f - 18. Calculate g(-12).
30
Let b(n) = -16*n - 764. Give b(-48).
4
Let s(p) = p**3 - 12*p**2 - 11*p - 21. Determine s(13).
5
Let a(d) = -3*d**2 + 3*d - 10. Calculate a(0).
-10
Let u(n) = 35*n + 239. Give u(-7).
-6
Let v(u) = 10*u + 56. What is v(-10)?
-44
Let h(p) = -2*p**3 - 10*p**2 - 8*p + 4. Calculate h(-3).
-8
Let v(j) = j**3 + 5*j**2 - 7*j + 3. Give v(-6).
9
Let i(b) = -b**3 + 7*b**2 - 5*b + 50. Calculate i(7).
15
Let u(h) = h**2 + 27*h + 45. Determine u(-25).
-5
Let q(m) = m**2 - 7*m + 7. What is q(7)?
7
Let i(g) = -g**2 + 39*g + 122. Give i(42).
-4
Let d(m) = -2*m**3 + 28*m**2 - 4*m + 44. What is d(14)?
-12
Let z(x) = -x**3 + 2*x**2 + 18*x - 10. Determine z(4).
30
Let j(z) = -5*z + 71. Determine j(12).
11
Let n(q) = -q**3 - 20*q**2 - 20*q - 13. Calculate n(-19).
6
Let i(y) = 48*y + 4. What is i(2)?
100
Let s(k) = -k**3 - 13*k**2 + k + 11. Calculate s(-13).
-2
Let b(p) = 9*p**2 + 198*p + 11. What is b(-22)?
11
Let g(o) = -3*o + 28. What is g(11)?
-5
Let c(z) = 2*z**2 + z - 28. Give c(-6).
38
Let f(n) = 2*n**2 + 18*n - 8. Give f(-13).
96
Let z(d) = -16*d - 10. What is z(-1)?
6
Let x(b) = -2*b**2 - 35. Determine x(0).
-35
Let g(z) = -z**2 + 4*z - 4. Give g(5).
-9
Let v(z) = -27*z - 2. What is v(-1)?
25
Let u(m) = -2*m**3 + 8*m**2 + 6*m + 6. What is u(5)?
-14
Let c(i) = i**3 - 9*i**2 + 21*i - 10. Determine c(6).
8
Let j(q) = -q**2 + 2*q + 28. Give j(8).
-20
Let a(m) = -m**2 - 12*m - 22. What is a(-9)?
5
Let x(d) = d**2 - 4*d - 4. Calculate x(4).
-4
Let b(c) = 8*c + 201. What is b(-29)?
-31
Let i(k) = k**3 - 3*k**2 - 3*k + 1. What is i(2)?
-9
Let l(f) = -f**2 + 8*f + 17. Give l(8).
17
Let n(i) = -2*i**2 + 4*i + 1. Give n(4).
-15
Let d(f) = -f**3 - 14*f**2 + 17*f + 28. Determine d(-15).
-2
Let z(s) = 7*s - 197. Calculate z(29).
6
Let v(u) = u**3 - 30*u**2 - 31*u + 2. Calculate v(31).
2
Let y(f) = f**3 + 12*f**2 + 10*f + 17. Determine y(-9).
170
Let a(h) = -h**3 + 8*h**2 + 4*h - 16. Determine a(7).
61
Let v(l) = -l**2 + 6*l - 3. Determine v(5).
2
Let l(u) = -11*u**2 + 9*u + 15. What is l(-2)?
-47
Let g(r) = -11*r - 38. Determine g(0).
-38
Let v(f) = f**3 - 5*f**2 + f. Give v(4).
-12
Let h(x) = x - 1. Give h(4).
3
Let q(r) = -2*r**3 - 4*r + 11. Determine q(2).
-13
Let a(u) = -2*u**2 + 9*u + 2. Give a(5).
-3
Let f(d) = 31*d - 117. Calculate f(5).
38
Let v(t) = -t**2 - 10*t - 19. Calculate v(-8).
-3
Let l(o) = 26*o**2 - 2. Calculate l(-1).
24
Let g(n) = -4*n - 9. What is g(-3)?
3
Let v(i) = -6*i + 28. Determine v(5).
-2
Let s(v) = -v. Calculate s(7).
-7
Let m(i) = -i**2 - 7*i + 42. Give m(-12).
-18
Let g(l) = -l**2 + 7*l + 3. Determine g(8).
-5
Let n(u) = 7*u**2 + 8*u - 4. Calculate n(-2).
8
Let k(s) = 4*s**3 - 2*s**2 - 3*s. Give k(-2).
-34
Let p(h) = h**2 - h + 26. What is p(5)?
46
Let f(o) = o**3 + 10*o**2 + 8*o + 27. Calculate f(-8).
91
Let n(p) = p**2 - 13*p - 33. What is n(15)?
-3
Let z(i) = i**3 + 22*i**2 + 38*i - 41. Determine z(-20).
-1
Let d(y) = -y**3 - 13*y**2 - y - 15. Give d